 z(-4). Suppose 0 = 3*q - l*q - n. What is the tens digit of q?
2
Suppose 3*z + 4*l + 1713 - 9208 = 0, 0 = -2*z - 4*l + 4990. What is the thousands digit of z?
2
Suppose 2*y - 5*f + 16 = y, -4*y + 4*f = 0. What is the units digit of -4*(y/(-2) + (-100)/8)?
8
Suppose 4 = -2*c + 34. Let a be (10/c)/((-2)/(-36)). Suppose 0 = 3*h + h - a. What is the units digit of h?
3
Let i = 2581 - 1542. What is the thousands digit of i?
1
Suppose -4*j + 2287 = 2*s - 543, 4*s + 1390 = 2*j. What is the units digit of j?
5
Suppose 0 = 5*v + 5*i - 75 - 1700, 716 = 2*v + 5*i. What is the units digit of v?
3
Let n = -12 + 14. Let k be n/(-6)*1*-498. Suppose 3*u + k = -r + 6*r, -r + 3*u + 38 = 0. What is the units digit of r?
2
Let p(c) = -c**3 - 12*c**2 - 32*c + 20. What is the tens digit of p(-9)?
6
Let o = 359 + -198. Suppose n - 88 = -3*y, -2*n + 0*y = 3*y - o. What is the tens digit of n?
7
Let z(h) = -666*h - 67. What is the thousands digit of z(-5)?
3
Let g = -17 + 33. Suppose c - 18 = g. Let o = c + -17. What is the units digit of o?
7
Let z(u) = 3*u**2 - 3*u - 2. Let r be z(-1). Suppose 327 = r*a + 19. What is the tens digit of a?
7
Suppose -3*j = -2*j - 4. Let z(o) be the third derivative of o**4/3 - 5*o**3/3 + 7*o**2. What is the units digit of z(j)?
2
Let z(p) = -p**2 + 4*p + 4. Let k be z(4). Suppose -38 + 0 = -w. Let n = w + k. What is the units digit of n?
2
Let y(f) = f**3 - 27*f**2 - 16*f + 11. What is the hundreds digit of y(28)?
3
Suppose 14106 = 7*i - 4479. What is the thousands digit of i?
2
Suppose 41*y = 54*y - 2340. What is the units digit of y?
0
Let i(f) = -f**2 - 29*f + 10. Let n be i(-15). Suppose n = 85*t - 81*t. What is the units digit of t?
5
Suppose -50 - 370 = -5*u. Let h = 153 + u. What is the hundreds digit of h?
2
Let g = 44 - 41. Suppose -3*x - g*n + 420 = 0, 0 = -3*x - x + 4*n + 600. What is the tens digit of x?
4
Let m(x) = 35*x - 50. Let z(d) = -7*d + 10. Suppose -t + 4*y + 10 = 0, 6 = 3*y + 15. Let w(g) = t*m(g) - 11*z(g). What is the units digit of w(5)?
5
Let i = -14 + 19. Suppose 0 = 5*n + 2*t - 674, -4*t = -i*n - t + 664. What is the tens digit of n?
3
Let r = -22 + 28. Let q(m) = 5*m**2 - 12*m + 4. What is the units digit of q(r)?
2
Let u be -6 + 9 - (3 + -2). What is the units digit of 7 + 49 - (u + 1)?
3
Suppose 4*f + 3*y = 7, 10*y = -3*f + 6*y. Suppose -5*q + 727 = 4*k - 20, -f*q - 5*k + 603 = 0. What is the hundreds digit of q?
1
Let a(h) be the first derivative of 1/3*h**3 - 1/4*h**4 + 10*h + 8 + 1/2*h**2. What is the units digit of a(0)?
0
What is the units digit of ((-200)/60)/(15/(-108))?
4
Let n(z) = 2*z - 8. Let w be n(5). Suppose w = -t + 1. What is the units digit of (1 - t)/((-4)/(-16))?
8
Suppose -2*x + 3 = -3. Suppose -34 = -x*p + 20. What is the tens digit of p?
1
Suppose 0 = 6*r + 6*r - 14292. What is the thousands digit of r?
1
Let p(v) = 3*v**3 - 7*v**2 + 24*v - 58. What is the tens digit of p(13)?
6
Let d = -59 - -168. Let y = -1 + d. What is the units digit of y/8*8/6?
8
Let r = -152 + 339. What is the units digit of r?
7
Suppose -3*r - x = -5270, -4*x + 1770 = r - 7*x. What is the units digit of r?
8
Suppose 12*q - 4301 = -5*q. What is the tens digit of q?
5
Let k(a) = -a**3 + 10*a**2 - 5*a. What is the hundreds digit of k(6)?
1
Let t be (-80)/(-13) + (-24)/156. What is the tens digit of (2/t)/1*(-678)/(-2)?
1
Suppose 3*j = 2850 - 69. What is the hundreds digit of j?
9
Let q be (-96)/(-28) + (-12)/(-21). Suppose -q*i + 672 = 10*i. What is the tens digit of i?
4
What is the units digit of (-432)/(-104) - 4 - 16365/(-13)?
9
Let n(p) be the second derivative of p**5/20 - 2*p**4/3 - p**3 + 3*p**2/2 - 7*p - 4. Suppose q + q - 18 = 0. What is the units digit of n(q)?
0
Let c(a) = 138*a**2 - 30*a + 159. What is the hundreds digit of c(6)?
9
Let w(c) = -116*c - 101. What is the tens digit of w(-6)?
9
Let f(k) = k**3 + 9*k**2 - 17*k + 117. What is the thousands digit of f(11)?
2
Suppose -25 + 2 = 2*d - u, -2*d - 4*u = 18. Let o = d + 13. Suppose o*y - 2 = 2. What is the units digit of y?
2
Let q be (-22)/(-3) - 11/33. Let u = -6 + q. What is the units digit of (-1 - -4)*u + 53?
6
Let y(x) = 4*x - 2. Let h be y(1). Let p be 1/h + (-354)/(-4). Let g = p + -48. What is the units digit of g?
1
Let h(b) = -225*b - 25. What is the thousands digit of h(-5)?
1
Let w(r) = -r**2 + 3*r + 6. Let u be w(4). Suppose 76 + 38 = 5*i + u*m, -m + 24 = i. Let o = i - 13. What is the units digit of o?
9
Let u = -1442 + 2466. What is the hundreds digit of u?
0
Suppose -4*m - 26 = 30. Let w = m - -175. What is the hundreds digit of w?
1
Suppose v - 3*g = -14, 2*g - 2 - 8 = v. Let p = v + 10. Suppose 3*f - p = 2*f. What is the units digit of f?
8
Let p(m) = 7 - 13 - 15 + 2*m**2 + 14*m. What is the units digit of p(-16)?
7
Let k(o) = 3 + 3 + 147*o + 4 - 8. What is the units digit of k(1)?
9
What is the hundreds digit of (2 + -3 + 6 - -346) + -1?
3
Let a(x) = 6*x**3 - 3*x**2 - 11*x + 40. What is the hundreds digit of a(4)?
3
Let q be 9/2*700/225. Suppose 0 = -t + q - 3. What is the units digit of t?
1
Let r(g) = -g**2 + 8*g - 1. Let l be r(7). Let o = 91 - 103. What is the units digit of (l/(-4))/(o/160)?
0
Suppose -5*y - 1407 = -o, -4*y - 1041 = -o + 362. What is the units digit of o?
7
Let j(f) = f**3 + 13*f**2 + 11*f + 10. Let l = 135 + -143. What is the tens digit of j(l)?
4
Let u = 13 - 18. Let t(l) = -l**2 - 7*l - 7. Let q be t(u). Suppose -q*g - 2*m + 3*m = -27, 3*m + 18 = 2*g. What is the units digit of g?
9
Let m(w) = 4 - 2*w + 4*w - w. Let c be m(-3). Let z(y) = 31*y - 1. What is the tens digit of z(c)?
3
Suppose 496*x = 495*x + 199. What is the hundreds digit of x?
1
Suppose -5*m - 4 = -4*s - m, -4*m + 11 = -s. Let t = 47 - 33. Suppose 4*h + s*y = 135, -2*h + 37 + t = -3*y. What is the tens digit of h?
3
Let c(m) = -m + 26. Let t be c(10). Let i = -13 + t. Suppose -i*l + 108 = l. What is the units digit of l?
7
Let x = -6306 - -9353. What is the tens digit of x?
4
Let b be (-2*7/2)/(-1). Suppose 0 = -2*j - 5 + b. What is the units digit of j?
1
Suppose -y - 3*f - 20 = 0, 2*y + 2*y + 5*f + 45 = 0. Let p be (-2)/(-5) + 172/y. Let h = -14 - p. What is the units digit of h?
0
Let g = 37 - -17. Suppose -3*a = 3*p - g, -a + 0*a - 26 = -p. Let k = -8 + p. What is the units digit of k?
4
Suppose -3*f + 20*f = 28084. What is the hundreds digit of f?
6
Let b(h) = -h**3 + 11*h**2 - 12*h + 20. Let p be b(10). Suppose -5*z + 0*z = 5*m - 270, p = -4*m - z + 231. What is the units digit of m?
9
Let i(s) = 10*s + 31. Let b(g) = 14*g**2 + 2*g - 3. Let r be b(1). What is the hundreds digit of i(r)?
1
Let t(a) = -4*a + 1. Let l(c) = 2*c - 11. Let m be l(6). Let o be t(m). Let z = o - -4. What is the units digit of z?
1
Suppose -5*s + 806 + 289 = 0. Let z = s - 131. What is the tens digit of z?
8
Let z(f) be the first derivative of f**4/4 + 2*f**3 - f**2/2 - 7*f - 2. What is the units digit of z(-5)?
3
Suppose -3*m = 2*n - m - 16, -2*n - 5*m + 22 = 0. Let p(l) = 5*l - 10 + 0 + 12*l - 7*l. What is the tens digit of p(n)?
5
Let j = 15 + -17. Let v be (-10 + 0)/j*1. What is the units digit of (32/(-12))/(v/(-15))?
8
Suppose 3 = 3*b, -6*r = -4*r + b - 10167. What is the tens digit of r?
8
Let v = 374 - -126. What is the units digit of v?
0
Let v(s) = s**2 + 16*s + 18. Let r be v(-15). Suppose -r*z + 126 = -72. What is the tens digit of z?
6
Let i = 35 - 20. Let y = i - 13. Suppose 5*h = -w + y*w - 57, 2*w - 54 = -2*h. What is the units digit of w?
2
Let s(a) = -a**2 + 16*a - 25. Let t be s(14). Suppose -t*f + 93 = 3*q, -4*q = f - 8 - 38. What is the units digit of f?
6
Suppose -111 = 5*i + 29. Let k = i - -33. Suppose -k*y + p + 248 = 0, -y + 104 = y - 2*p. What is the tens digit of y?
4
Suppose -5*t + 1 + 24 = 0. Suppose -t*w + 2*r - 155 = 0, -6*w + 3*r = -3*w + 102. Let g = 54 + w. What is the units digit of g?
5
Let z(b) = b + 22. Let a be z(-14). Suppose -3*i + 58 + a = -3*v, 5*i + 2*v = 117. What is the units digit of i?
3
Suppose 3*t - 41 - 9 = -4*f, 0 = -4*t + 4*f + 48. Let n(q) = q. What is the units digit of n(t)?
4
Suppose 6*i = -i + 728. Suppose -5*v - 171 = 3*z + 118, 5*v - 2*z = -274. Let w = i + v. What is the units digit of w?
8
Suppose -5*g = -5*l - 990, 5*g + l = 336 + 678. What is the hundreds digit of g?
2
Let p(r) = r**3 -